{"id":5720,"date":"2018-02-06T08:16:34","date_gmt":"2018-02-06T08:16:34","guid":{"rendered":"http:\/\/disenopaginasweb.net\/aleman\/?page_id=5720"},"modified":"2025-05-09T14:36:44","modified_gmt":"2025-05-09T12:36:44","slug":"politica-de-privacidad","status":"publish","type":"page","link":"https:\/\/profesornativodealeman.com\/clases-aleman\/politica-de-privacidad\/","title":{"rendered":"Pol\u00edtica de Privacidad"},"content":{"rendered":"<p>En aplicaci\u00f3n de lo dispuesto en la Ley Org\u00e1nica 15\/1999, de 13 de diciembre, de Protecci\u00f3n de Datos Personales (LOPD), en el Real Decreto 1720\/2007, de 21 de diciembre, por el que se aprueba el Reglamento de desarrollo de la LOPD (RLOPD), Reglamento Europeo General de Protecci\u00f3n de Datos de Abril 2016, y en la Ley 34\/2002, de 11 de julio, de Servicios de la Sociedad de la Informaci\u00f3n y de Comercio Electr\u00f3nico (LSSICE), le informamos que el titular de la presente pagina web y responsable de los ficheros contentivo de datos personales cuyos datos se detallan en el correspondiente Aviso Legal, mantiene un compromiso de riguroso cumplimiento de la legislaci\u00f3n vigente en Espa\u00f1a en materia de tratamiento de datos personales y seguridad de la informaci\u00f3n con objeto de garantizar a sus usuarios que la recogida y tratamiento de los datos facilitados se efect\u00faan con plenas garant\u00edas de seguridad. Antes de contactar con \u00e9ste y suministrar alg\u00fan dato de car\u00e1cter personal, deber\u00e1s leer esta \u201cPol\u00edtica de Privacidad\u201d y aceptarla marcando la casilla establecida en los respectivos formularios de registro o mediante el procedimiento equivalente que se establezca, en su caso.<\/p>\n<p>Nuestra Pol\u00edtica de Privacidad afecta tanto a la informaci\u00f3n personal que nos proporcionas, as\u00ed como a todos los datos que nos facilites al acceder a cualquiera de los servicios disponibles en\u00a0 la web.<\/p>\n<p><strong>PROTECCI\u00d3N DE DATOS PERSONALES<\/strong><\/p>\n<p style=\"text-align: justify;\">Se informa a los usuarios de la presente pagina web, acerca de la pol\u00edtica de protecci\u00f3n de datos de car\u00e1cter personal para que determinen libre y voluntariamente si desean facilitar los datos personales que se les puedan requerir o que se puedan obtener con ocasi\u00f3n de los servicios y funcionalidades que ponemos a su disposici\u00f3n.<\/p>\n<p style=\"text-align: justify;\">Por tanto, el propietario del dominio \u201cwww.profesornativodealeman.com\u201d, informa a los usuarios de su web, acerca de la presente Pol\u00edtica de Protecci\u00f3n de Datos aplicable a los datos que se les puedan requerir.<\/p>\n<p style=\"text-align: justify;\">A tal efecto, informa que en la secci\u00f3n <em>\u201cContacto\u201d \u00abTarifas\u00bb y en otros formularios de la pagina web<\/em>\u00a0se le solicitan los siguientes datos de car\u00e1cter personal (Nombre, Tel\u00e9fono y Correo Electr\u00f3nico)<strong> con la finalidad <\/strong>de que uno de nuestros profesores o una de nuestras profesoras, contacte al usuario para informarle sobre las clases de alem\u00e1n.<\/p>\n<p style=\"text-align: justify;\">Ademas dar respuestas a los usuarios que soliciten informaci\u00f3n relativa a los servicios prestados, gestionar sus preguntas, dudas o sugerencias. Asimismo, en la secci\u00f3n <em>\u201cSubscr\u00edbete a nuestro newsletter para recibir las publicaciones de gram\u00e1tica en cuanto sean publicadas autom\u00e1ticamente\u201d<\/em> se le solicita el dato de car\u00e1cter personal (Correo Electr\u00f3nico) con la finalidad de que recibas nuestra newsletter contentiva de publicaciones de gram\u00e1tica cuando \u00e9stas sean transmitidas autom\u00e1ticamente, incluyendo novedades y contenido exclusivo de inter\u00e9s relativo a los servicios prestados. En la secci\u00f3n <em>\u201cDejar un comentario\u201d <\/em>se recaban los siguientes datos personales<em>\u00a0 <\/em>(Nombre y Correo Electr\u00f3nico) con la finalidad que el usuario pueda enviar alg\u00fan comentario relacionado con el post consultado, pueda ampliar contenidos de los art\u00edculos examinados, y finalmente en la secci\u00f3n <em>\u201cContacto e informaci\u00f3n\u201d<\/em> se le solicitaran los siguientes datos personales (Nombre, Tel\u00e9fono y Correo Electr\u00f3nico) a fin de contactar y dar respuestas a los usuarios que soliciten informaci\u00f3n relativa a los servicios prestados, as\u00ed como la elaboraci\u00f3n y env\u00edo previa solicitud, de presupuestos personalizados.<\/p>\n<p style=\"text-align: justify;\">Todos los datos personales anteriormente detallados, as\u00ed como cualquier otro dato suministrado por los usuarios que se puedan obtener con ocasi\u00f3n de la cumplimentaci\u00f3n de los formularios alojados en la web \u201cwww.profesornativodealeman.com\u201d, o en la suscripci\u00f3n o alta en algunos de los servicios o funcionalidades ofrecidos en la referida web, ser\u00e1n objeto de tratamiento e incorporados en un fichero de datos personales titularidad del Responsable de los Ficheros, debidamente inscritos en el Registro General de Protecci\u00f3n de Datos de la Agencia Espa\u00f1ola de Protecci\u00f3n de Datos, quien ser\u00e1 el responsable y destinatario de la informaci\u00f3n, cuyos ficheros tendr\u00e1n por finalidad el mantenimiento de la relaci\u00f3n establecida con el usuario, la gesti\u00f3n, administraci\u00f3n, prestaci\u00f3n, ampliaci\u00f3n y mejora de los servicios ofrecidos por \u00e9ste a trav\u00e9s del portal web \u201cwww.profesornativodealeman.com\u201d. Los usuarios de la web site \u201cwww.profesornativodealeman.com\u201d, podr\u00e1n ejercitar en cualquier momento los derechos de acceso, rectificaci\u00f3n, cancelaci\u00f3n y oposici\u00f3n (A.R.C.O), mediante comunicaci\u00f3n dirigida, en los t\u00e9rminos previstos en el art\u00edculo 25.1 del RLOPD, al responsable de los ficheros cuyos datos se detallan en el Aviso Legal, con domicilio en la Calle Barbieri 9, CP 28004 (Madrid) Espa\u00f1a, o mediante comunicaci\u00f3n al correo electr\u00f3nico: profesornativodealeman@gmail.com, Referencia: Protecci\u00f3n de Datos de Car\u00e1cter Personal. El responsable los ficheros no ceder\u00e1 los datos personales a terceros, salvo que sea necesario para la prestaci\u00f3n del servicio solicitado por el usuario, y guardar\u00e1 la m\u00e1xima confidencialidad de la informaci\u00f3n suministrada. Asimismo, en cumplimiento de lo previsto en la LSSICE, en los supuestos de env\u00edo de comunicaciones comerciales v\u00eda correo electr\u00f3nico, se incluir\u00e1 una direcci\u00f3n de correo electr\u00f3nico (tobiaswoelke39@gmail.com) donde el usuario podr\u00e1 ejercitar en cualquier momento su derecho de oposici\u00f3n, para darse de baja en cualquier momento, y en consecuencia no recibir ning\u00fan tipo de informaci\u00f3n o comunicaci\u00f3n.<\/p>\n<p style=\"text-align: justify;\">El responsable de los ficheros se preocupa por garantizar la seguridad y confidencialidad de sus datos. Por eso, le informamos que hemos adoptado los niveles de seguridad de protecci\u00f3n de los datos personales legalmente requeridos, as\u00ed como las medidas de seguridad y medios t\u00e9cnicos necesarios para evitar su p\u00e9rdida, mal uso o su acceso sin su autorizaci\u00f3n. Ello no obstante, el usuario debe ser consciente de que las medidas de seguridad en Internet no son inexpugnables. Ciertos servicios prestados en la web (www.profesornativodealeman.com) pueden contener condiciones particulares con previsiones espec\u00edficas en materia de Protecci\u00f3n de Datos Personales.<\/p>\n<p><strong>USO DE COOKIES<\/strong><\/p>\n<p>Una cookie es un archivo de texto que un servidor web puede guardar en el disco duro de un equipo para almacenar informaci\u00f3n sobre el usuario, y s\u00f3lo puede ser le\u00edda por el sitio web que lo envi\u00f3 al equipo. As\u00ed como tambi\u00e9n, cualquier dispositivo de almacenamiento y recuperaci\u00f3n de datos en equipos terminales de los destinatarios. del El portal web\u00a0 www.profesornativodealeman.com utiliza cookies para acceder a informaci\u00f3n relativa a los usuarios del sitio web, cuyo detalle e informaci\u00f3n sobre la utilizaci\u00f3n de las cookies, de forma clara y completa, se encuentran desarrolladas en nuestra \u201cPol\u00edtica de Cookies\u201d, en cumplimiento de lo previsto en el art\u00edculo 22.2 de la LSSICE, modificada por el Real Decreto-Ley 13\/2012, de 30 de marzo, que traspone al ordenamiento jur\u00eddico espa\u00f1ol la Directiva 2002\/58\/CE, relativa al tratamiento de los datos personales y a la protecci\u00f3n de la intimidad en el sector de las comunicaciones electr\u00f3nicas.<\/p>\n<p><strong>ENLACES<\/strong><\/p>\n<p>Esta pol\u00edtica de privacidad s\u00f3lo es de aplicaci\u00f3n a la p\u00e1gina web (www.profesornativodealeman.com). No se garantiza en los accesos a trav\u00e9s de enlaces con este sitio, ni a los enlaces desde este sitio con otras webs.<\/p>\n<p><strong>MODIFICACI\u00d3N<\/strong><\/p>\n<p style=\"text-align: justify;\">Se podr\u00e1 modificar la presente pol\u00edtica para adaptarla a novedades legislativas o jurisprudenciales as\u00ed como a futuras buenas pr\u00e1cticas. En dichos supuestos, se anunciar\u00e1 en esta p\u00e1gina los cambios introducidos con razonable antelaci\u00f3n a su puesta en pr\u00e1ctica, e informar\u00e1 a los usuarios de las actualizaciones o modificaciones de la presente pol\u00edtica de privacidad.<\/p>\n","protected":false},"excerpt":{"rendered":"<p>En aplicaci\u00f3n de lo dispuesto en la Ley Org\u00e1nica 15\/1999, de 13 de diciembre, de Protecci\u00f3n de Datos Personales (LOPD), en el Real Decreto 1720\/2007, de 21 de diciembre, por el que se aprueba el Reglamento de desarrollo de la LOPD (RLOPD), Reglamento Europeo General de Protecci\u00f3n de Datos de Abril 2016, y en la [&hellip;]<\/p>\n","protected":false},"author":4,"featured_media":0,"parent":0,"menu_order":0,"comment_status":"closed","ping_status":"closed","template":"","meta":{"footnotes":""},"tags":[],"class_list":["post-5720","page","type-page","status-publish","hentry"],"_links":{"self":[{"href":"https:\/\/profesornativodealeman.com\/clases-aleman\/wp-json\/wp\/v2\/pages\/5720","targetHints":{"allow":["GET"]}}],"collection":[{"href":"https:\/\/profesornativodealeman.com\/clases-aleman\/wp-json\/wp\/v2\/pages"}],"about":[{"href":"https:\/\/profesornativodealeman.com\/clases-aleman\/wp-json\/wp\/v2\/types\/page"}],"author":[{"embeddable":true,"href":"https:\/\/profesornativodealeman.com\/clases-aleman\/wp-json\/wp\/v2\/users\/4"}],"replies":[{"embeddable":true,"href":"https:\/\/profesornativodealeman.com\/clases-aleman\/wp-json\/wp\/v2\/comments?post=5720"}],"version-history":[{"count":0,"href":"https:\/\/profesornativodealeman.com\/clases-aleman\/wp-json\/wp\/v2\/pages\/5720\/revisions"}],"wp:attachment":[{"href":"https:\/\/profesornativodealeman.com\/clases-aleman\/wp-json\/wp\/v2\/media?parent=5720"}],"wp:term":[{"taxonomy":"post_tag","embeddable":true,"href":"https:\/\/profesornativodealeman.com\/clases-aleman\/wp-json\/wp\/v2\/tags?post=5720"}],"curies":[{"name":"wp","href":"https:\/\/api.w.org\/{rel}","templated":true}]}}

Política de Privacidad

<p>En aplicación de lo dispuesto en la Ley Orgánica 15/1999, de 13 de diciembre, de Protección de Datos Personales (LOPD), en el Real Decreto 1720/2007, de 21 de diciembre, por el que se aprueba el Reglamento de desarrollo de la LOPD (RLOPD), Reglamento Europeo General de Protección de Datos de Abril 2016, y en la Ley 34/2002, de 11 de julio, de Servicios de la Sociedad de la Información y de Comercio Electrónico (LSSICE), le informamos que el titular de la presente pagina web y responsable de los ficheros contentivo de datos personales cuyos datos se detallan en el correspondiente Aviso Legal, mantiene un compromiso de riguroso cumplimiento de la legislación vigente en España en materia de tratamiento de datos personales y seguridad de la información con objeto de garantizar a sus usuarios que la recogida y tratamiento de los datos facilitados se efectúan con plenas garantías de seguridad. Antes de contactar con éste y suministrar algún dato de carácter personal, deberás leer esta “Política de Privacidad” y aceptarla marcando la casilla establecida en los respectivos formularios de registro o mediante el procedimiento equivalente que se establezca, en su caso.</p>
<p>Nuestra Política de Privacidad afecta tanto a la información personal que nos proporcionas, así como a todos los datos que nos facilites al acceder a cualquiera de los servicios disponibles en  la web.</p>
<p><strong>PROTECCIÓN DE DATOS PERSONALES</strong></p>
<p style="text-align: justify;">Se informa a los usuarios de la presente pagina web, acerca de la política de protección de datos de carácter personal para que determinen libre y voluntariamente si desean facilitar los datos personales que se les puedan requerir o que se puedan obtener con ocasión de los servicios y funcionalidades que ponemos a su disposición.</p>
<p style="text-align: justify;">Por tanto, el propietario del dominio “www.profesornativodealeman.com”, informa a los usuarios de su web, acerca de la presente Política de Protección de Datos aplicable a los datos que se les puedan requerir.</p>
<p style="text-align: justify;">A tal efecto, informa que en la sección <em>“Contacto” «Tarifas» y en otros formularios de la pagina web</em> se le solicitan los siguientes datos de carácter personal (Nombre, Teléfono y Correo Electrónico)<strong> con la finalidad </strong>de que uno de nuestros profesores o una de nuestras profesoras, contacte al usuario para informarle sobre las clases de alemán.</p>
<p style="text-align: justify;">Ademas dar respuestas a los usuarios que soliciten información relativa a los servicios prestados, gestionar sus preguntas, dudas o sugerencias. Asimismo, en la sección <em>“Subscríbete a nuestro newsletter para recibir las publicaciones de gramática en cuanto sean publicadas automáticamente”</em> se le solicita el dato de carácter personal (Correo Electrónico) con la finalidad de que recibas nuestra newsletter contentiva de publicaciones de gramática cuando éstas sean transmitidas automáticamente, incluyendo novedades y contenido exclusivo de interés relativo a los servicios prestados. En la sección <em>“Dejar un comentario” </em>se recaban los siguientes datos personales<em>  </em>(Nombre y Correo Electrónico) con la finalidad que el usuario pueda enviar algún comentario relacionado con el post consultado, pueda ampliar contenidos de los artículos examinados, y finalmente en la sección <em>“Contacto e información”</em> se le solicitaran los siguientes datos personales (Nombre, Teléfono y Correo Electrónico) a fin de contactar y dar respuestas a los usuarios que soliciten información relativa a los servicios prestados, así como la elaboración y envío previa solicitud, de presupuestos personalizados.</p>
<p style="text-align: justify;">Todos los datos personales anteriormente detallados, así como cualquier otro dato suministrado por los usuarios que se puedan obtener con ocasión de la cumplimentación de los formularios alojados en la web “www.profesornativodealeman.com”, o en la suscripción o alta en algunos de los servicios o funcionalidades ofrecidos en la referida web, serán objeto de tratamiento e incorporados en un fichero de datos personales titularidad del Responsable de los Ficheros, debidamente inscritos en el Registro General de Protección de Datos de la Agencia Española de Protección de Datos, quien será el responsable y destinatario de la información, cuyos ficheros tendrán por finalidad el mantenimiento de la relación establecida con el usuario, la gestión, administración, prestación, ampliación y mejora de los servicios ofrecidos por éste a través del portal web “www.profesornativodealeman.com”. Los usuarios de la web site “www.profesornativodealeman.com”, podrán ejercitar en cualquier momento los derechos de acceso, rectificación, cancelación y oposición (A.R.C.O), mediante comunicación dirigida, en los términos previstos en el artículo 25.1 del RLOPD, al responsable de los ficheros cuyos datos se detallan en el Aviso Legal, con domicilio en la Calle Barbieri 9, CP 28004 (Madrid) España, o mediante comunicación al correo electrónico: profesornativodealeman@gmail.com, Referencia: Protección de Datos de Carácter Personal. El responsable los ficheros no cederá los datos personales a terceros, salvo que sea necesario para la prestación del servicio solicitado por el usuario, y guardará la máxima confidencialidad de la información suministrada. Asimismo, en cumplimiento de lo previsto en la LSSICE, en los supuestos de envío de comunicaciones comerciales vía correo electrónico, se incluirá una dirección de correo electrónico (tobiaswoelke39@gmail.com) donde el usuario podrá ejercitar en cualquier momento su derecho de oposición, para darse de baja en cualquier momento, y en consecuencia no recibir ningún tipo de información o comunicación.</p>
<p style="text-align: justify;">El responsable de los ficheros se preocupa por garantizar la seguridad y confidencialidad de sus datos. Por eso, le informamos que hemos adoptado los niveles de seguridad de protección de los datos personales legalmente requeridos, así como las medidas de seguridad y medios técnicos necesarios para evitar su pérdida, mal uso o su acceso sin su autorización. Ello no obstante, el usuario debe ser consciente de que las medidas de seguridad en Internet no son inexpugnables. Ciertos servicios prestados en la web (www.profesornativodealeman.com) pueden contener condiciones particulares con previsiones específicas en materia de Protección de Datos Personales.</p>
<p><strong>USO DE COOKIES</strong></p>
<p>Una cookie es un archivo de texto que un servidor web puede guardar en el disco duro de un equipo para almacenar información sobre el usuario, y sólo puede ser leída por el sitio web que lo envió al equipo. Así como también, cualquier dispositivo de almacenamiento y recuperación de datos en equipos terminales de los destinatarios. del El portal web  www.profesornativodealeman.com utiliza cookies para acceder a información relativa a los usuarios del sitio web, cuyo detalle e información sobre la utilización de las cookies, de forma clara y completa, se encuentran desarrolladas en nuestra “Política de Cookies”, en cumplimiento de lo previsto en el artículo 22.2 de la LSSICE, modificada por el Real Decreto-Ley 13/2012, de 30 de marzo, que traspone al ordenamiento jurídico español la Directiva 2002/58/CE, relativa al tratamiento de los datos personales y a la protección de la intimidad en el sector de las comunicaciones electrónicas.</p>
<p><strong>ENLACES</strong></p>
<p>Esta política de privacidad sólo es de aplicación a la página web (www.profesornativodealeman.com). No se garantiza en los accesos a través de enlaces con este sitio, ni a los enlaces desde este sitio con otras webs.</p>
<p><strong>MODIFICACIÓN</strong></p>
<p style="text-align: justify;">Se podrá modificar la presente política para adaptarla a novedades legislativas o jurisprudenciales así como a futuras buenas prácticas. En dichos supuestos, se anunciará en esta página los cambios introducidos con razonable antelación a su puesta en práctica, e informará a los usuarios de las actualizaciones o modificaciones de la presente política de privacidad.</p>

<p>En aplicación de lo dispuesto en la Ley Orgánica 15/1999, de 13 de diciembre, de Protección de Datos Personales (LOPD), en el Real Decreto 1720/2007, de 21 de diciembre, por el que se aprueba el Reglamento de desarrollo de la LOPD (RLOPD), Reglamento Europeo General de Protección de Datos de Abril 2016, y en la [&hellip;]</p>
